{"id":13,"date":"2026-04-22T11:15:13","date_gmt":"2026-04-22T11:15:13","guid":{"rendered":"https:\/\/2026sitedev.kimmokaivantofoundation.com\/?page_id=13"},"modified":"2026-04-22T11:15:13","modified_gmt":"2026-04-22T11:15:13","slug":"taiteilija","status":"publish","type":"page","link":"https:\/\/2026sitedev.kimmokaivantofoundation.com\/?page_id=13","title":{"rendered":"Taiteilija"},"content":{"rendered":"\n<figure class=\"wp-block-image size-full\"><img loading=\"lazy\" decoding=\"async\" width=\"1014\" height=\"744\" src=\"https:\/\/2026sitedev.kimmokaivantofoundation.com\/wp-content\/uploads\/2026\/04\/image.png\" alt=\"\" class=\"wp-image-14\" srcset=\"https:\/\/2026sitedev.kimmokaivantofoundation.com\/wp-content\/uploads\/2026\/04\/image.png 1014w, https:\/\/2026sitedev.kimmokaivantofoundation.com\/wp-content\/uploads\/2026\/04\/image-300x220.png 300w, https:\/\/2026sitedev.kimmokaivantofoundation.com\/wp-content\/uploads\/2026\/04\/image-768x564.png 768w\" sizes=\"auto, (max-width: 1014px) 100vw, 1014px\" \/><\/figure>\n\n\n\n<p>Kimmo Kaivannon (1932\u20132012) taiteessa yhdistyv\u00e4t romantiikka ja yhteiskunnallinen analyysi. H\u00e4n oli ennen muuta maalari ja graafikko mutta my\u00f6s veist\u00e4j\u00e4. Perinteisten tekniikoiden rinnalla uudet materiaalit ja rakenteet innostivat taiteilijaa. T\u00e4m\u00e4 n\u00e4kyy erityisesti h\u00e4nen kollaaseissaan, veistoksissaan ja arkkitehtonisissa installaatioissaan. Kaivannon teokset ovat milloin ekspressiivisi\u00e4 tai vertauskuvallisia milloin kokeilevia tai k\u00e4sitteellisi\u00e4.<\/p>\n\n\n\n<p>Monet taidesuuntaukset ovat j\u00e4tt\u00e4neet j\u00e4ljen Kaivannon ilmaisuun: sis\u00e4\u00e4np\u00e4in k\u00e4\u00e4ntynyt tutkiskelu 1950-luvulla oli romantiikkaa kuten luonnon tapahtumiin el\u00e4ytyminen ja heitt\u00e4ytyminen informalismin hengess\u00e4 1960-luvulla. T\u00e4m\u00e4 sai rinnalleen popin, konseptualismin ja uusrealismin iskev\u00e4n yhteiskunnallisuuden vuosikymmenen lopulla. Taiteilijan filosofisuus ja sosiologisuus korostuivat. Politiikka ja taiteellinen herkkyys kasvoivat Kaivannon taiteessa 1970-luvulla ekologiseksi aikalaisarvioksi, h\u00e4lytt\u00e4v\u00e4ksi visioksi luonnon r\u00e4j\u00e4hdysm\u00e4isest\u00e4 tuhoutumisesta, joka on nyt ajankohtaisempaa kuin koskaan.<\/p>\n\n\n\n<p>Kaivanto aisti vahvasti 1980-luvun tunnerakenteiden murroksen ja maalasi sarjan punk-kasvoja. H\u00e4nt\u00e4 kosketti ekspressiivinen nuorisokulttuuri, jonka subjektiivisuus ravisutti yhteiskuntaa. Viime vuosisadan loppu oli Kaivannon barokkista aikaa, jossa h\u00e4n sukkuloi postmodernin siivitt\u00e4m\u00e4n\u00e4 h\u00e4nelle l\u00e4heisiss\u00e4 taidehistorian teemoissa.<\/p>\n\n\n\n<p>Kimmo Sarje<\/p>\n\n\n\n<p>6.9.2019<\/p>\n\n\n\n<p>Kauneus, luonto, politiikka<\/p>\n\n\n\n<p>-Kimmo Kaivannon taide<\/p>\n\n\n\n<p>Kimmo Kaivannon milloin romanttinen, milloin k\u00e4sitteellinen tai poliittinen taide on jo 1950-luvulta l\u00e4htien ollut luova tekij\u00e4 suomalaisessa kulttuurissa ja yhteiskunnassa. H\u00e4nen ensimm\u00e4inen yksityisn\u00e4yttelyns\u00e4 oli Helsingiss\u00e4 1959. Kaivannon maalaukset eiv\u00e4t heijastelleet sodanj\u00e4lkeist\u00e4 rakentamisen optimismia ja rationalismia, vaan p\u00e4invastoin olemisen mielekkyys tuntui askarruttavan nuorta taiteilijaa. Kubistinen sommittelu ja tummat sinisen ja punaisen s\u00e4vyt hallitsivat n\u00e4it\u00e4 kiireett\u00f6mi\u00e4 ja surumielisi\u00e4 maalauksia.<\/p>\n\n\n\n<p>Romanttinen asennoituminen oli henkist\u00e4 perustaa my\u00f6s Kaivannon 1960-luvun maalaustaiteessa. Moraalinen itsereflektio vaihtui kuitenkin olemisen iloksi. Luonnon havainnoiminen oli l\u00e4ht\u00f6kohta uuden optimistisemman el\u00e4m\u00e4ntunteen tulkinnoissa, joita h\u00e4n ilmaisi maisemallisissa puoliabstrakteissa maalauksissaan. Kaivannon mieltymys ultramariininsiniseen alkoi muodostua h\u00e4nen taiteensa tyylilliseksi piirteeksi. H\u00e4nen maalauksensa ammensivat informalismin kansainv\u00e4lisest\u00e4 virrasta, ja samalla ne uudistivat suomalaista maisemamaalausta ja luonnon kuvataiteellisen esitt\u00e4misen muotoja. 1960-luvulla Kaivanto otti paikkansa yhten\u00e4 sukupolvensa johtavana taiteilijana. H\u00e4n edusti Suomea Venetsian biennaalissa 1968 ja my\u00f6s kansainv\u00e4linen kiinnostus h\u00e4nen taidettaan kohtaan kasvoi.<\/p>\n\n\n\n<p>Maailmanpolitiikan j\u00e4nnitteet purkautuivat aggressiivisina ja painostavina 1968. USA soti Vietnamissa ja sotaa vastustettiin yh\u00e4 p\u00e4\u00e4tt\u00e4v\u00e4isemmin. Melkein samoihin aikoihin, kun neuvostojoukot vaiensivat sosialismin uudistumispyrkimykset T\u0161ekkoslovakiassa, ylioppilaat mellakoivat Pariisissa. My\u00f6s Venetsiassa oli levotonta, ja biennaalin osastoja suljettiin.<\/p>\n\n\n\n<p>Kaivanto ei ollut vierastanut poliittisia kannanottoja taiteessaan aiemminkaan, mutta 1960-luvun lopulla h\u00e4nen ilmaisunsa muuttui yhteiskunnalliseksi ja k\u00e4sitteelliseksi. Kuvissaan, veistoksissaan ja objekteissaan h\u00e4n tuomitsi militarismin ja totalitarismin. H\u00e4n kyseenalaisti maskuliiniset hierarkiat ja v\u00e4kivaltaiset toimintatavat. Taiteilija halusi puolustaa sek\u00e4 yksil\u00f6llisyytt\u00e4 ett\u00e4 ihmisten v\u00e4list\u00e4 solidaarisuutta. Monista h\u00e4nen tuon ajan serigrafioistaan on tullut kollektiivista henkist\u00e4 omaisuutta. Suomessa \u2013 ja ehk\u00e4 kansainv\u00e4lisestikin \u2013 Kaivanto oli yksi ensimm\u00e4isi\u00e4 taiteilijoita, jotka onnistuivat problematisoimaan teoksissaan l\u00e4nsimaisen teknisen sivilisaation yksipuolisesti luontoa hyv\u00e4ksik\u00e4ytt\u00e4v\u00e4n ja ahtaasti edistysuskoisen ideologian. Iskev\u00e4t maalaukset, joissa lumpeenlehdet peitt\u00e4v\u00e4t meren selk\u00e4\u00e4 aina taivaan rantaan asti vuosilta 1969-1973, olivat erityisen vaikuttavia. UNESCO:n postikorttina \u201dKun meri kuolee II\u201d levisi suurpainoksina maailman-laajuisesti.<\/p>\n\n\n\n<p>Valokuvarealismin ja minimalismin ideat lis\u00e4siv\u00e4t t\u00e4sm\u00e4llisyytt\u00e4 ja yksityiskohtaisuutta Kaivannon romanttisessa taiteessa. H\u00e4nen 1970-luvun teknisesti viimeistelty\u00e4 maalaustyyli\u00e4\u00e4n voi luonnehtia metaforiseksi realismiksi. Mieheys ja naiseus, tekniikka ja luonto olivat teemoja, joita h\u00e4n purki ja varioi toistuvin vertauskuvin. Hansikas, solmio, valkoinen paita, paperilennokki, sotilassaappaat tai marssivat sormet rinnastuivat ruohokentt\u00e4\u00e4n, vuoteeseen, naisvartaloon ja taivaaseen. Kaivanto kehitti omaper\u00e4isen kuvaston, joka haastoi aikalaistaiteen. N\u00e4ill\u00e4 teoksillaan h\u00e4n edusti toisen kerran kotimaataan Venetsian biennaalissa 1976.<\/p>\n\n\n\n<p>1980-luvun subjektivismi ja ekspressionismi koskettivat my\u00f6s Kaivantoa. H\u00e4n tulkitsi sattuvasti punk-nuorten ep\u00e4varmuutta ja uhoa. Sittemmin Kaivannon maalaukset muuttuivat vertauskuvallisemmiksi ja ne saivat barokkista t\u00e4ytel\u00e4isyytt\u00e4 ja dramaattisuutta.<\/p>\n\n\n\n<p>Kaivanto tunnetaan my\u00f6s lukuisista julkisista teoksistaan. Helsinkiin ja Tampereen seudulle h\u00e4n on toteuttanut 1960-luvun lopulta l\u00e4htien toistakymment\u00e4 ty\u00f6t\u00e4. Yhteisty\u00f6 arkkitehtien kanssa on innostanut h\u00e4nt\u00e4. Monet Kaivannon julkiset monumentit ovat n\u00e4kyv\u00e4 osa kaupunkikuvaa. My\u00f6s ty\u00f6 lavastajana ja puvustajana on vet\u00e4nyt taiteilijaa puoleensa. Useissa Euroopan maissa ja Yhdysvalloissa vierailleen Aulis Sallisen oopperan \u201dPunainen viiva\u201d lavastus sai osakseen kiitt\u00e4v\u00e4n vastaanoton kansainv\u00e4liselt\u00e4 yleis\u00f6lt\u00e4 ja asiantuntijoilta.<\/p>\n\n\n\n<p>Yksityishenkil\u00f6n\u00e4 Kaivannon matkat suuntautuivat p\u00e4\u00e4s\u00e4\u00e4nt\u00f6isesti Etel\u00e4-Eurooppaan tai vaihtoehtoisesti h\u00e4nen rakkaaseen er\u00e4maa-asumukseensa Arkkusaareen Pohjois-H\u00e4meess\u00e4. Taiteilijana Kaivanto tunnetaan kuitenkin parhaiten pohjoismaissa. Amerikkalaisella yleis\u00f6ll\u00e4 oli tilaisuus tutustua h\u00e4nen taiteeseensa New Yorkissa 1992 Center for International Arts\u2019in j\u00e4rjest\u00e4m\u00e4ss\u00e4 retrospektiivisess\u00e4 n\u00e4yttelyss\u00e4.<\/p>\n\n\n\n<p>Kimmo Sarje<\/p>\n\n\n\n<p>Kirjoitus julkaistu aiemmin teoksessa&nbsp;<em>Kaivanto,&nbsp;<\/em>Kaivanto Kimmo &amp; Sarje, Kimmo. WSOY, 2001.<\/p>\n\n\n\n<div class=\"wp-block-group alignfull has-global-padding is-layout-constrained wp-container-core-group-is-layout-ebee8dc1 wp-block-group-is-layout-constrained\" style=\"margin-top:0;margin-bottom:0;padding-top:var(--wp--preset--spacing--50);padding-bottom:var(--wp--preset--spacing--50)\">\n<h2 class=\"wp-block-heading alignwide\">Kuvia<\/h2>\n\n\n\n<div class=\"wp-block-columns alignwide is-layout-flex wp-container-core-columns-is-layout-28f84493 wp-block-columns-is-layout-flex\">\n<div class=\"wp-block-column is-layout-flow wp-block-column-is-layout-flow\">\n<figure class=\"wp-block-image size-large\"><img loading=\"lazy\" decoding=\"async\" width=\"1024\" height=\"689\" src=\"https:\/\/2026sitedev.kimmokaivantofoundation.com\/wp-content\/uploads\/2026\/04\/image-1-1024x689.png\" alt=\"\" class=\"wp-image-15\" srcset=\"https:\/\/2026sitedev.kimmokaivantofoundation.com\/wp-content\/uploads\/2026\/04\/image-1-1024x689.png 1024w, https:\/\/2026sitedev.kimmokaivantofoundation.com\/wp-content\/uploads\/2026\/04\/image-1-300x202.png 300w, https:\/\/2026sitedev.kimmokaivantofoundation.com\/wp-content\/uploads\/2026\/04\/image-1-768x517.png 768w, https:\/\/2026sitedev.kimmokaivantofoundation.com\/wp-content\/uploads\/2026\/04\/image-1-1536x1033.png 1536w, https:\/\/2026sitedev.kimmokaivantofoundation.com\/wp-content\/uploads\/2026\/04\/image-1.png 1591w\" sizes=\"auto, (max-width: 1024px) 100vw, 1024px\" \/><\/figure>\n\n\n\n<p class=\"has-medium-font-size\">Palanderin talon ateljee, Keskustori Tampere,<\/p>\n\n\n\n<p class=\"has-text-align-center has-medium-font-size\">1970-luku.<\/p>\n<\/div>\n\n\n\n<div class=\"wp-block-column is-layout-flow wp-block-column-is-layout-flow\">\n<figure class=\"wp-block-image size-large\"><img loading=\"lazy\" decoding=\"async\" width=\"1024\" height=\"685\" src=\"https:\/\/2026sitedev.kimmokaivantofoundation.com\/wp-content\/uploads\/2026\/04\/image-2-1024x685.png\" alt=\"\" class=\"wp-image-16\" srcset=\"https:\/\/2026sitedev.kimmokaivantofoundation.com\/wp-content\/uploads\/2026\/04\/image-2-1024x685.png 1024w, https:\/\/2026sitedev.kimmokaivantofoundation.com\/wp-content\/uploads\/2026\/04\/image-2-300x201.png 300w, https:\/\/2026sitedev.kimmokaivantofoundation.com\/wp-content\/uploads\/2026\/04\/image-2-768x514.png 768w, https:\/\/2026sitedev.kimmokaivantofoundation.com\/wp-content\/uploads\/2026\/04\/image-2-1536x1027.png 1536w, https:\/\/2026sitedev.kimmokaivantofoundation.com\/wp-content\/uploads\/2026\/04\/image-2.png 1600w\" sizes=\"auto, (max-width: 1024px) 100vw, 1024px\" \/><\/figure>\n\n\n\n<p class=\"has-text-align-center has-medium-font-size\">Ateljeessa,<\/p>\n\n\n\n<p class=\"has-text-align-center\">1980-luku.<\/p>\n\n\n\n<p class=\"has-text-align-center has-medium-font-size\"><em>Kuva: Petri Nuutinen<\/em><\/p>\n<\/div>\n\n\n\n<div class=\"wp-block-column is-layout-flow wp-block-column-is-layout-flow\">\n<figure class=\"wp-block-image size-large\"><img loading=\"lazy\" decoding=\"async\" width=\"1024\" height=\"685\" src=\"https:\/\/2026sitedev.kimmokaivantofoundation.com\/wp-content\/uploads\/2026\/04\/image-3-1024x685.png\" alt=\"\" class=\"wp-image-17\" srcset=\"https:\/\/2026sitedev.kimmokaivantofoundation.com\/wp-content\/uploads\/2026\/04\/image-3-1024x685.png 1024w, https:\/\/2026sitedev.kimmokaivantofoundation.com\/wp-content\/uploads\/2026\/04\/image-3-300x201.png 300w, https:\/\/2026sitedev.kimmokaivantofoundation.com\/wp-content\/uploads\/2026\/04\/image-3-768x514.png 768w, https:\/\/2026sitedev.kimmokaivantofoundation.com\/wp-content\/uploads\/2026\/04\/image-3-1536x1027.png 1536w, https:\/\/2026sitedev.kimmokaivantofoundation.com\/wp-content\/uploads\/2026\/04\/image-3.png 1600w\" sizes=\"auto, (max-width: 1024px) 100vw, 1024px\" \/><\/figure>\n\n\n\n<p class=\"has-text-align-center\">Ketju-veistos,<\/p>\n\n\n\n<p class=\"has-text-align-center\">1971.<\/p>\n\n\n\n<p class=\"has-text-align-center\"><em>Kuva: Kimmo Kaivanto s\u00e4\u00e4ti\u00f6n arkisto<\/em><\/p>\n<\/div>\n\n\n\n<div class=\"wp-block-column is-layout-flow wp-block-column-is-layout-flow\">\n<figure class=\"wp-block-image size-large\"><img loading=\"lazy\" decoding=\"async\" width=\"1024\" height=\"685\" src=\"https:\/\/2026sitedev.kimmokaivantofoundation.com\/wp-content\/uploads\/2026\/04\/Natura-non-facit-saltus-ison-kraaterin-viimeistelya-Lemminkaisen-betonivalimolla-1991.-Kuva-Kimmo-Kaivanto-saation-arkisto-1024x685.jpg\" alt=\"\" class=\"wp-image-18\" srcset=\"https:\/\/2026sitedev.kimmokaivantofoundation.com\/wp-content\/uploads\/2026\/04\/Natura-non-facit-saltus-ison-kraaterin-viimeistelya-Lemminkaisen-betonivalimolla-1991.-Kuva-Kimmo-Kaivanto-saation-arkisto-1024x685.jpg 1024w, https:\/\/2026sitedev.kimmokaivantofoundation.com\/wp-content\/uploads\/2026\/04\/Natura-non-facit-saltus-ison-kraaterin-viimeistelya-Lemminkaisen-betonivalimolla-1991.-Kuva-Kimmo-Kaivanto-saation-arkisto-300x201.jpg 300w, https:\/\/2026sitedev.kimmokaivantofoundation.com\/wp-content\/uploads\/2026\/04\/Natura-non-facit-saltus-ison-kraaterin-viimeistelya-Lemminkaisen-betonivalimolla-1991.-Kuva-Kimmo-Kaivanto-saation-arkisto-768x514.jpg 768w, https:\/\/2026sitedev.kimmokaivantofoundation.com\/wp-content\/uploads\/2026\/04\/Natura-non-facit-saltus-ison-kraaterin-viimeistelya-Lemminkaisen-betonivalimolla-1991.-Kuva-Kimmo-Kaivanto-saation-arkisto-1536x1027.jpg 1536w, https:\/\/2026sitedev.kimmokaivantofoundation.com\/wp-content\/uploads\/2026\/04\/Natura-non-facit-saltus-ison-kraaterin-viimeistelya-Lemminkaisen-betonivalimolla-1991.-Kuva-Kimmo-Kaivanto-saation-arkisto.jpg 1600w\" sizes=\"auto, (max-width: 1024px) 100vw, 1024px\" \/><\/figure>\n\n\n\n<p class=\"has-text-align-center has-medium-font-size\">Natura (non facit saltus), \u201dison kraaterin\u201d viimeistely\u00e4<\/p>\n\n\n\n<p class=\"has-text-align-center has-medium-font-size\">Lemmink\u00e4isen betonivalimolla, 1991.<\/p>\n\n\n\n<p class=\"has-text-align-center has-medium-font-size\"><em>Kuva: Kimmo Kaivanto s\u00e4\u00e4ti\u00f6n arkisto<\/em><\/p>\n<\/div>\n\n\n\n<div class=\"wp-block-column is-layout-flow wp-block-column-is-layout-flow\">\n<figure class=\"wp-block-image size-large\"><img loading=\"lazy\" decoding=\"async\" width=\"723\" height=\"1024\" src=\"https:\/\/2026sitedev.kimmokaivantofoundation.com\/wp-content\/uploads\/2026\/04\/Sininen-suora-tyostoa-Lemminkaisen-betonivalimolla-1990.-Kuva-Kimmo-Kaivanto-saation-arkisto-723x1024.jpg\" alt=\"\" class=\"wp-image-19\" srcset=\"https:\/\/2026sitedev.kimmokaivantofoundation.com\/wp-content\/uploads\/2026\/04\/Sininen-suora-tyostoa-Lemminkaisen-betonivalimolla-1990.-Kuva-Kimmo-Kaivanto-saation-arkisto-723x1024.jpg 723w, https:\/\/2026sitedev.kimmokaivantofoundation.com\/wp-content\/uploads\/2026\/04\/Sininen-suora-tyostoa-Lemminkaisen-betonivalimolla-1990.-Kuva-Kimmo-Kaivanto-saation-arkisto-212x300.jpg 212w, https:\/\/2026sitedev.kimmokaivantofoundation.com\/wp-content\/uploads\/2026\/04\/Sininen-suora-tyostoa-Lemminkaisen-betonivalimolla-1990.-Kuva-Kimmo-Kaivanto-saation-arkisto-768x1088.jpg 768w, https:\/\/2026sitedev.kimmokaivantofoundation.com\/wp-content\/uploads\/2026\/04\/Sininen-suora-tyostoa-Lemminkaisen-betonivalimolla-1990.-Kuva-Kimmo-Kaivanto-saation-arkisto-1084x1536.jpg 1084w, https:\/\/2026sitedev.kimmokaivantofoundation.com\/wp-content\/uploads\/2026\/04\/Sininen-suora-tyostoa-Lemminkaisen-betonivalimolla-1990.-Kuva-Kimmo-Kaivanto-saation-arkisto.jpg 1129w\" sizes=\"auto, (max-width: 723px) 100vw, 723px\" \/><\/figure>\n\n\n\n<p class=\"has-text-align-center\">Sininen suora,<\/p>\n\n\n\n<p class=\"has-text-align-center\">ty\u00f6st\u00f6\u00e4 Lemmink\u00e4isen betonivalimolla, 1990.<\/p>\n\n\n\n<p class=\"has-text-align-center\"><em>Kuva: Kimmo Kaivanto s\u00e4\u00e4ti\u00f6n arkisto<\/em><\/p>\n<\/div>\n<\/div>\n<\/div>\n\n\n\n<p><\/p>\n","protected":false},"excerpt":{"rendered":"<p>Kimmo Kaivannon (1932\u20132012) taiteessa yhdistyv\u00e4t romantiikka ja yhteiskunnallinen analyysi. H\u00e4n oli ennen muuta maalari ja graafikko mutta my\u00f6s veist\u00e4j\u00e4. Perinteisten tekniikoiden rinnalla uudet materiaalit ja rakenteet innostivat taiteilijaa. T\u00e4m\u00e4 n\u00e4kyy erityisesti h\u00e4nen kollaaseissaan, veistoksissaan ja arkkitehtonisissa installaatioissaan. Kaivannon teokset ovat milloin ekspressiivisi\u00e4 tai vertauskuvallisia milloin kokeilevia tai k\u00e4sitteellisi\u00e4. Monet taidesuuntaukset ovat j\u00e4tt\u00e4neet j\u00e4ljen Kaivannon ilmaisuun: [&hellip;]<\/p>\n","protected":false},"author":1,"featured_media":0,"parent":0,"menu_order":0,"comment_status":"closed","ping_status":"closed","template":"","meta":{"footnotes":""},"class_list":["post-13","page","type-page","status-publish","hentry"],"_links":{"self":[{"href":"https:\/\/2026sitedev.kimmokaivantofoundation.com\/index.php?rest_route=\/wp\/v2\/pages\/13","targetHints":{"allow":["GET"]}}],"collection":[{"href":"https:\/\/2026sitedev.kimmokaivantofoundation.com\/index.php?rest_route=\/wp\/v2\/pages"}],"about":[{"href":"https:\/\/2026sitedev.kimmokaivantofoundation.com\/index.php?rest_route=\/wp\/v2\/types\/page"}],"author":[{"embeddable":true,"href":"https:\/\/2026sitedev.kimmokaivantofoundation.com\/index.php?rest_route=\/wp\/v2\/users\/1"}],"replies":[{"embeddable":true,"href":"https:\/\/2026sitedev.kimmokaivantofoundation.com\/index.php?rest_route=%2Fwp%2Fv2%2Fcomments&post=13"}],"version-history":[{"count":1,"href":"https:\/\/2026sitedev.kimmokaivantofoundation.com\/index.php?rest_route=\/wp\/v2\/pages\/13\/revisions"}],"predecessor-version":[{"id":20,"href":"https:\/\/2026sitedev.kimmokaivantofoundation.com\/index.php?rest_route=\/wp\/v2\/pages\/13\/revisions\/20"}],"wp:attachment":[{"href":"https:\/\/2026sitedev.kimmokaivantofoundation.com\/index.php?rest_route=%2Fwp%2Fv2%2Fmedia&parent=13"}],"curies":[{"name":"wp","href":"https:\/\/api.w.org\/{rel}","templated":true}]}}