{"id":23,"date":"2026-04-22T11:18:12","date_gmt":"2026-04-22T11:18:12","guid":{"rendered":"https:\/\/2026sitedev.kimmokaivantofoundation.com\/?page_id=23"},"modified":"2026-04-22T11:18:12","modified_gmt":"2026-04-22T11:18:12","slug":"2013-2","status":"publish","type":"page","link":"https:\/\/2026sitedev.kimmokaivantofoundation.com\/?page_id=23","title":{"rendered":"2013-"},"content":{"rendered":"\n<p><strong>YKSITYISN\u00c4YTTELYT SUOMESSA<\/strong><\/p>\n\n\n\n<p>2017 Sara Hild\u00e9nin taidemuseo, Tampere, takautuva n\u00e4yttely Sara Hild\u00e9nin<\/p>\n\n\n\n<p>&nbsp;&nbsp;&nbsp;&nbsp;&nbsp;&nbsp;&nbsp;&nbsp;&nbsp;s\u00e4\u00e4ti\u00f6n kokoelmasta ja Kimmo Kaivanto s\u00e4\u00e4ti\u00f6n kokoelmasta<\/p>\n\n\n\n<p>2019 Galleria Saskia&nbsp;<em>Postuumisti Kimmo Kaivanto<\/em>, Tampere<\/p>\n\n\n\n<p>2022 Kimmo Pyykk\u00f6 -taidemuseo,&nbsp;<em>Kimmo Kaivanto,&nbsp;<\/em>Kangasala<\/p>\n\n\n\n<p><strong>KANSAINV\u00c4LISET RYHM\u00c4N\u00c4YTTELYT<\/strong><\/p>\n\n\n\n<p>2017&nbsp;<em>Utopia and Crisis,&nbsp;<\/em>Museo de la Solidaridad Salvador Allende, Chile<\/p>\n\n\n\n<p>2018&nbsp;<em>1ra. Muestra de Arte del Cuerpo Consular Honorario,&nbsp;<\/em>Ministerio de<\/p>\n\n\n\n<p>&nbsp;&nbsp;&nbsp;&nbsp;&nbsp;&nbsp;&nbsp;&nbsp;&nbsp;Relaciones Exteriores,&nbsp;<em>Montevideo,&nbsp;<\/em>Uruguay<\/p>\n\n\n\n<p><strong>RYHM\u00c4N\u00c4YTTELYT SUOMESSA<\/strong><\/p>\n\n\n\n<p>2014 Taidekeskus Salmela, M\u00e4ntyharju<\/p>\n\n\n\n<p>2015 Sara Hild\u00e9nin taidemuseo&nbsp;<em>Mielen maisemia<\/em>, Tampere<\/p>\n\n\n\n<p>2016 Designmuseo&nbsp;<em>Virallinen<\/em>, Helsinki<\/p>\n\n\n\n<p>2019 Taidekeskus Salmela 30-vuotisn\u00e4yttely, M\u00e4ntyharju<\/p>\n\n\n\n<p>&nbsp;&nbsp;&nbsp;&nbsp;&nbsp;&nbsp;&nbsp;&nbsp;&nbsp;Ateneum&nbsp;<em>Hiljainen kauneus \u2013 Pohjoismaiden ja It\u00e4-Aasian yhteys,&nbsp;<\/em>Helsinki<\/p>\n\n\n\n<p>2019\u20132020 Emil Cedercreutzin museo&nbsp;<em>Ruoveden maisema,&nbsp;<\/em>Harjavalta<\/p>\n\n\n\n<p>2020 Helsingin Taidehalli, Kuntsin s\u00e4\u00e4ti\u00f6&nbsp;<em>Kuntsin kokoelmat,<\/em>&nbsp;Helsinki<\/p>\n\n\n\n<p>2021&nbsp;<em>Sininen planeetta<\/em>, Taide- ja museokeskus Sinkka, Kerava<\/p>\n\n\n\n<p>2022&nbsp;<em>ARS22,&nbsp;<\/em>Kiasma, Helsinki<\/p>\n\n\n\n<p><strong>JULKAISUJA<\/strong><\/p>\n\n\n\n<p>2017&nbsp;<em>Kimmo Kaivanto: Sara Hild\u00e9nin s\u00e4\u00e4ti\u00f6n kokoelma,<\/em>&nbsp;Sara Hild\u00e9nin<\/p>\n\n\n\n<p>&nbsp;&nbsp;&nbsp;&nbsp;&nbsp;&nbsp;&nbsp;&nbsp;&nbsp;taidemuseo. Tekstit: Saara Heikinheimo, P\u00e4ivi Loimaala, Kimmo Sarje,<\/p>\n\n\n\n<p>&nbsp;&nbsp;&nbsp;&nbsp;&nbsp;&nbsp;&nbsp;&nbsp;&nbsp;Jyrki Siukonen &amp;&nbsp;Timo Vuorikoski<\/p>\n","protected":false},"excerpt":{"rendered":"<p>YKSITYISN\u00c4YTTELYT SUOMESSA 2017 Sara Hild\u00e9nin taidemuseo, Tampere, takautuva n\u00e4yttely Sara Hild\u00e9nin &nbsp;&nbsp;&nbsp;&nbsp;&nbsp;&nbsp;&nbsp;&nbsp;&nbsp;s\u00e4\u00e4ti\u00f6n kokoelmasta ja Kimmo Kaivanto s\u00e4\u00e4ti\u00f6n kokoelmasta 2019 Galleria Saskia&nbsp;Postuumisti Kimmo Kaivanto, Tampere 2022 Kimmo Pyykk\u00f6 -taidemuseo,&nbsp;Kimmo Kaivanto,&nbsp;Kangasala KANSAINV\u00c4LISET RYHM\u00c4N\u00c4YTTELYT 2017&nbsp;Utopia and Crisis,&nbsp;Museo de la Solidaridad Salvador Allende, Chile 2018&nbsp;1ra. Muestra de Arte del Cuerpo Consular Honorario,&nbsp;Ministerio de &nbsp;&nbsp;&nbsp;&nbsp;&nbsp;&nbsp;&nbsp;&nbsp;&nbsp;Relaciones Exteriores,&nbsp;Montevideo,&nbsp;Uruguay RYHM\u00c4N\u00c4YTTELYT SUOMESSA 2014 Taidekeskus [&hellip;]<\/p>\n","protected":false},"author":1,"featured_media":0,"parent":0,"menu_order":0,"comment_status":"closed","ping_status":"closed","template":"","meta":{"footnotes":""},"class_list":["post-23","page","type-page","status-publish","hentry"],"_links":{"self":[{"href":"https:\/\/2026sitedev.kimmokaivantofoundation.com\/index.php?rest_route=\/wp\/v2\/pages\/23","targetHints":{"allow":["GET"]}}],"collection":[{"href":"https:\/\/2026sitedev.kimmokaivantofoundation.com\/index.php?rest_route=\/wp\/v2\/pages"}],"about":[{"href":"https:\/\/2026sitedev.kimmokaivantofoundation.com\/index.php?rest_route=\/wp\/v2\/types\/page"}],"author":[{"embeddable":true,"href":"https:\/\/2026sitedev.kimmokaivantofoundation.com\/index.php?rest_route=\/wp\/v2\/users\/1"}],"replies":[{"embeddable":true,"href":"https:\/\/2026sitedev.kimmokaivantofoundation.com\/index.php?rest_route=%2Fwp%2Fv2%2Fcomments&post=23"}],"version-history":[{"count":1,"href":"https:\/\/2026sitedev.kimmokaivantofoundation.com\/index.php?rest_route=\/wp\/v2\/pages\/23\/revisions"}],"predecessor-version":[{"id":24,"href":"https:\/\/2026sitedev.kimmokaivantofoundation.com\/index.php?rest_route=\/wp\/v2\/pages\/23\/revisions\/24"}],"wp:attachment":[{"href":"https:\/\/2026sitedev.kimmokaivantofoundation.com\/index.php?rest_route=%2Fwp%2Fv2%2Fmedia&parent=23"}],"curies":[{"name":"wp","href":"https:\/\/api.w.org\/{rel}","templated":true}]}}